se
Suppose 37 + 3 = 10*t. Suppose t*k = -g + 4399, -k - g = -4*k + 3294. Is k a prime number?
False
Let q(c) = 401*c**2 - 44*c - 79. Is q(-20) prime?
True
Suppose -p = -4*i - 51, -4*i + 0*i - 4*p = 36. Let r be (-28)/i*(1585 + -1). Suppose -1060 - r = -4*u. Is u composite?
True
Suppose 53*x - 3049540 = 26651077. Is x prime?
False
Suppose 399000 = -65*a + 5891435. Is a a composite number?
False
Suppose 10*v = -11*v - 378. Is (15 + v)*(-2524)/6 composite?
True
Let j = 18 + -18. Let k be 2/(-2) + (j - -1915). Suppose 0 = -10*a + 4*a + k. Is a prime?
False
Let s(n) = n**3 - 10*n**2 - 11*n + 6. Let j be s(11). Let k be (296/j)/((-8)/(-300)). Let y = k + 305. Is y composite?
True
Suppose 116*p + 173697 = 3*a + 111*p, 0 = 5*a + 3*p - 289495. Is a a composite number?
False
Suppose 5*x + 3*w - 13 = 0, 5*w + 0*w = 5*x - 45. Suppose 16395 = x*i + 2*h, i = -3*h + 5256 - 1964. Is i a composite number?
True
Let m be -6 + 0 - -48276 - -2. Suppose -8*w = m - 276744. Is w composite?
False
Suppose -q + p + 7 = 0, q - 2*p - 19 = 2*p. Suppose q*t + 4*v = -1214, 6*t = 2*t - 2*v - 1632. Let y = 1155 + t. Is y a prime number?
False
Suppose -3*b + 4 + 19 = 4*n, 2*b + 3*n - 17 = 0. Suppose -12*q - 5008 - 31856 = 0. Is q/(-8) + (-3)/b a prime number?
False
Let a be (-189)/(1 + 50/(-45)). Suppose 6*g = 3*g + a. Let r = g - 362. Is r a prime number?
False
Let r be -1 + 1 + -10 + 4051. Suppose r = o - 4*o. Let q = o + 2820. Is q prime?
False
Suppose -5*j = -3*y - 115994, 49*y - 23200 = -j + 50*y. Is j composite?
False
Let q(f) = f**2 - 12*f + 5. Let m be q(9). Let j = m + 44. Is (-4)/j + (-1755)/(-33) a prime number?
True
Let j = -220 + 272. Suppose 50*o + 3722 = j*o. Is o a composite number?
False
Let t be 395525/15 + 5 + 10/6. Suppose 20*l + 2*s - t = 17*l, -2*l - 2*s = -17584. Is l composite?
True
Is -104942*((-3)/12 - 8/32) a composite number?
True
Let c be 1323/4 + (-2)/(-8) + 1. Is c - (39/(-6) - 18/(-12)) prime?
True
Is (62/(-8))/((-5 + (-117)/(-18))/(-96042)) composite?
True
Let w be (-1)/(-10) + 318472/80. Let t = w - -341. Is t composite?
True
Suppose 0 = b - 4*n - 17, -n = 2*b - 4*n - 19. Suppose h - 180 = 3*w, 0*w = -3*h + w + 532. Suppose b*s - 2*s = h. Is s a prime number?
True
Let b be 1/8 - (-1638)/208. Suppose -706 = -2*v + h, 2*h - b + 0 = 0. Is v a composite number?
True
Let p = 6920 + -4209. Let m = p - 1720. Is m composite?
False
Let r(c) = -c**3 - 26*c**2 + 33*c + 13. Let p be r(-30). Let s = 8250 - p. Is s a prime number?
False
Let n = 500 + -496. Suppose 4*h - 4*g + 7*g - 70631 = 0, n*g = 3*h - 52967. Is h prime?
True
Let h = 766371 + -321868. Is h a composite number?
True
Suppose -5*g - 5*r - 10 = -3*r, -5*g - 25 = 5*r. Suppose 0 = -4*q - g*z - z + 10520, -4*z = q - 2615. Is q prime?
False
Suppose 0 = 31*a - 137 - 49. Is 17135 + -2 + (a - 10) a composite number?
True
Let q be (-4 - -6)/(-2)*(-1 - -1). Suppose -67 = 3*s + n + 11, -5*n = q. Is (2/(8/31))/(s/(-4888)) composite?
True
Is (2/(-2))/((-806720)/806719 - (-12 - -11)) composite?
False
Let y(h) = 54383*h**3 - h**2 + h. Let t be y(1). Suppose t = 3*i + 15326. Is i a prime number?
False
Let z = -598334 + 1584951. Is z a prime number?
True
Let q = 66400 + -30380. Is 18/6*q/12 a prime number?
False
Let u(f) = f**3 - 32*f**2 + 5*f - 19. Let v be u(32). Let n = 494 - v. Is n a composite number?
False
Suppose 0 = i - 59 - 45. Let v = i - 258. Let p = 57 - v. Is p composite?
False
Let h(i) = 402*i**2 - 29*i + 362. Is h(9) a prime number?
False
Let b be 20/4 + 14 + -5 + 0. Let c(y) = -y**3 + 13*y**2 + 13*y + 39. Is c(b) prime?
False
Suppose -o + 10 = 7. Suppose -5*j + 2*g = -o*j - 8, 0 = -5*j - 5*g. Suppose 3*d + j*d = 3730. Is d composite?
True
Is 26679*(-46)/(-33) - 6/(-66) prime?
True
Is (31199133/14)/(-21)*3/6*-4 prime?
True
Suppose -7*t - 476 = -24*t. Suppose g - 21 = -p - 3*p, -4*g + t = 2*p. Suppose -3*x - o = -2338, -x - p*o - 1582 = -3*x. Is x prime?
False
Let s(l) = -l**2 + 6*l - 40. Let o be s(5). Is 214 + 5*21/o a composite number?
False
Let a(k) = -2335*k + 448. Is a(-13) a composite number?
False
Let o = 196 - 194. Suppose -9667 = -o*n - s + 4*s, 3 = 3*s. Is n a prime number?
False
Suppose 0 = 22*p - 3814110 + 557164. Is p a composite number?
True
Suppose -4*t - 110 = -114, -b = 2*t - 42823. Is b a prime number?
True
Suppose 27*x - 6 = 26*x - g, x + 5*g = 22. Is x + 0 + (-9 - -3306) composite?
False
Let j = 453796 + -294261. Is j a composite number?
True
Let k(r) = -4*r - 1. Let s be k(2). Let q(f) = -f**2 - 7*f + 18. Let h be q(s). Suppose h = 2*j - 4*j - 5*w + 2294, -4*j + 4552 = w. Is j a composite number?
True
Is 4*(-5 + 1243228/16) a prime number?
False
Let j = -239 - -231. Is (2854/j - 3)*-4 a composite number?
False
Suppose 4*d = 5*g - 14, -g + d = -6*g + 9. Suppose 144 + 3166 = 2*v + g*m, 0 = -4*m - 8. Is v a composite number?
False
Let f(l) = 99099*l**3 - 5*l + 7. Is f(1) a composite number?
True
Suppose -9*y + 47 = -43. Let s be 614*1 - (y + -10). Suppose s - 4460 = -6*h. Is h a composite number?
False
Is (-18)/((-270)/165) - -54240 prime?
True
Let q = 1763 - 4558. Let g = 162 + -544. Let y = g - q. Is y composite?
True
Let i(b) = b**3 - 19*b**2 + 34*b + 3. Let d be i(17). Suppose -12*r = -13*r + d. Suppose -4*j + 4 = 0, -81 = r*l + 4*j - 2770. Is l composite?
True
Suppose 3*g - 3*y = -42709059, -4*g + 71181753 = -9*g - y. Is g/(-1691) - 3/((-114)/4) a composite number?
False
Is 18/72*-60 - -13172 prime?
False
Let z(r) = -294*r**3 + r**2 + r - 9. Let d(q) = -881*q**3 + 3*q**2 + 5*q - 28. Let c(y) = 2*d(y) - 7*z(y). Is c(4) prime?
True
Let w be ((-18)/10)/(30/(-50)) + 27. Suppose -w*j + 4*x = -32*j + 1954, -3913 = -4*j - 3*x. Is j a prime number?
False
Suppose -10*d + n = -5*d - 1394829, 0 = 5*n - 5. Is d a prime number?
False
Suppose 2632 = 5*v + 3*v. Suppose -69 = 20*x - v. Suppose x*k - 11558 = 9723. Is k composite?
False
Let j(b) = -3440*b - 34. Let q be j(-23). Suppose 30*g - q = 24*g. Suppose -3*d = 5*a - g, -8*a - 3*d = -4*a - 10543. Is a a prime number?
False
Suppose -i - l + 1592297 = -952869, -4*i - 2*l + 10180674 = 0. Is i prime?
True
Suppose 18*a - 54 = 18. Is (-573790)/(-266) + 4/(-38) - a composite?
False
Let z = 7290 + 1778. Let i = z - -7343. Is i a prime number?
True
Is (10 + -6294)/(-17 - -15) a composite number?
True
Suppose 0 = 4*v + 3*i - 12524, 0 = 5*v - 4*i + i - 15628. Suppose 4*w - v = 4*h, 3940 = 3*w + 2*w + 5*h. Is w composite?
True
Suppose m + 2*m = -4*b + 68, -4*m - 3*b = -93. Suppose 28*p - 148 = m*p. Suppose 5*z - p = 898. Is z composite?
True
Let x(l) = 119*l**2 - 23*l + 17. Is x(-8) a prime number?
True
Suppose t + x = -15, t + 35 = -t - 3*x. Let m(f) = 72*f - 210*f - 13 - 30. Is m(t) prime?
False
Let s(i) = i - 3. Let a(z) = -448*z - 17. Let o(v) = a(v) - 4*s(v). Is o(-1) a composite number?
True
Let k(r) = -r**3 + 8*r**2 + 2*r - 17. Suppose 13*z = 9*z - 8. Let v(h) = -h**2 + h + 1. Let p(s) = z*v(s) - k(s). Is p(8) composite?
True
Let b be 6 - 1 - (0 - 474). Let u = 1180 - b. Is u a prime number?
True
Suppose -4*j - 2*s = -13490, -384*j + 386*j - 5*s = 6727. Is j a prime number?
True
Suppose -5*z + 56 = 3*o, -5*o + 3*z + 52 = z. Let n be (3076/o + 3)*3. Suppose -3*y + 85 = i - 498, 0 = 4*y + 2*i - n. Is y a composite number?
True
Let o be (-6)/(-1) - ((-120)/(-8) + -14). Suppose -o*z + z = 5*p - 4086, 5*p - z - 4091 = 0. Is p composite?
True
Suppose 183 = -7*x - 139. Let z = x + 49. Suppose -2*c + 3*p + 251 = 0, p = z*c + 6*p - 386. Is c prime?
True
Suppose 0*l + 4*l = 8, -5*l - 8135 = -3*p. Suppose 13*j - p = -21422. Is (-1)/((-1)/j*-1) composite?
False
Is (82586/(-21))/(2/(-30)) + -7 composite?
True
Suppose 0 = 603*m - 600*m - 5451. Is m a prime number?
False
Is ((-77)/(-66))/((-7)/(-1761774)) a prime number?
False
Let f(d) = -2*d + 16. Let a be f(6). Is (a - -210) + -10 + 7 a prime number?
True
Suppose -2*f = -229 + 221. Suppose -3*y + 4*x + 21521 = 0, 0 = y - f*y - x + 21496. Is y composite?
True
Let v be -1*55/(15/(-3)). Let t(u) = u**3 - 11*u**2 - 4. Let r be t(v). Is (-3885)/(-10)*r/(-6) a composite number?
True
Suppose -3*t - 7 = -5*z - 87, 2*t = z + 51. Let r = t + -21. Suppose r*l = -0*l + v + 1231, 12 = -4*v. Is l a prime number?
True
Let x = 704 - 2589. Let c = x + 3000. Is c a prime number?
False
Suppose 57*t = -2318 - 1786. I